{"id":36737,"date":"2019-12-31T00:31:02","date_gmt":"2019-12-31T02:31:02","guid":{"rendered":"http:\/\/127.0.0.1\/gtwa8\/?page_id=36737"},"modified":"2020-11-12T16:50:46","modified_gmt":"2020-11-12T19:50:46","slug":"brifingue-de-projeto-web-site","status":"publish","type":"page","link":"https:\/\/gtwa.com.br\/app\/brifingue-de-projeto-web-site\/","title":{"rendered":"Briefing de Projeto Web Site"},"content":{"rendered":"<p>[vc_row][vc_column][vc_empty_space height=&#8221;9.5em&#8221; alter_height=&#8221;medium&#8221; hide_on_mobile=&#8221;&#8221;]<div id=\"sc_content_641832441\"\n\t\tclass=\"sc_content color_style_default sc_content_default sc_float_center sc_align_center sc_padding_tiny sc_margin_tiny\"><h6 class=\"sc_item_subtitle sc_content_subtitle sc_align_center sc_item_title_style_default\">Vamos Trocar Ideias!<\/h6><h1 class=\"sc_item_title sc_content_title sc_align_center sc_item_title_style_default sc_item_title_tag\">Briefing de Projeto Web<\/h1><div class=\"sc_item_descr sc_content_descr sc_align_center\"><p>Compartilhe algumas palavras sobre sua empresa, seus clientes e objetivos<\/p>\n<\/div><div class=\"sc_content_container\"><\/div><\/div><!-- \/.sc_content -->[\/vc_column][\/vc_row][vc_row full_width=&#8221;stretch_row&#8221; css=&#8221;.vc_custom_1578885853096{background-image: url(https:\/\/gtwa.com.br\/app\/wp-content\/uploads\/2019\/12\/GTWA-Web-Design-Curitiba-e-commerce-design-gr\u00e1fico-Fale-Conosco.jpg?id=36729) !important;background-position: center !important;background-repeat: no-repeat !important;background-size: cover !important;}&#8221;][vc_column]<div id=\"sc_content_2113073773\"\n\t\tclass=\"sc_content color_style_default sc_content_default sc_float_center sc_content_width_75p\"><div class=\"sc_content_container\">\n                <div class='gf_browser_gecko gform_wrapper _wrapper gf_stylespro_wrapper sp_flat_wrapper' id='gform_wrapper_6' ><div id='gf_6' class='gform_anchor' tabindex='-1'><\/div><form method='post' enctype='multipart\/form-data'  id='gform_6' class=' gf_stylespro sp_flat' action='\/app\/wp-json\/wp\/v2\/pages\/36737#gf_6'>\n        <div id='gf_progressbar_wrapper_6' class='gf_progressbar_wrapper'>\n            <h3 class='gf_progressbar_title'>Passo 1 de 4\n        <\/h3>\n            <div class='gf_progressbar' aria-hidden='true'>\n                <div class='gf_progressbar_percentage percentbar_blue percentbar_25' style='width:25%;'><span>25%<\/span><\/div>\n            <\/div><\/div>\n                        <div class='gform_body'><div id='gform_page_6_1' class='gform_page' >\n                                    <div class='gform_page_fields'><ul id='gform_fields_6' class='gform_fields top_label form_sublabel_below description_below'><li id='field_6_2'  class='gfield gfield_html gfield_html_formatted gfield_no_follows_desc field_sublabel_below field_description_below gfield_visibility_visible' >Comunicar claramente suas necessidades \u00e9 fundamental para a obten\u00e7\u00e3o de um site produtivo. Ajuda a compreender a sua vis\u00e3o, objetivos, etc.<\/li><li id='field_6_23'  class='gfield gfield_contains_required field_sublabel_below field_description_below gfield_visibility_visible gf_newline gf_hide_complex_label o_medium' ><label class='gfield_label gfield_label_before_complex'  >Nome completo<span class='gfield_required'>*<\/span><\/label><div class='ginput_complex ginput_container no_prefix has_first_name no_middle_name has_last_name no_suffix gf_name_has_2 ginput_container_name' id='input_6_23'>\n                            \n                            <span id='input_6_23_3_container' class='name_first' >\n                                                    <input type='text' name='input_23.3' id='input_6_23_3' value='' aria-label='Nome'   aria-required=\"true\" aria-invalid=\"false\" \/>\n                                                    <label for='input_6_23_3' >Nome<\/label>\n                                                <\/span>\n                            \n                            <span id='input_6_23_6_container' class='name_last' >\n                                                    <input type='text' name='input_23.6' id='input_6_23_6' value='' aria-label='Sobrenome'   aria-required=\"true\" aria-invalid=\"false\" \/>\n                                                    <label for='input_6_23_6' >Sobrenome<\/label>\n                                                <\/span>\n                            \n                        <\/div><\/li><li id='field_6_21'  class='gfield gfield_contains_required field_sublabel_below field_description_below gfield_visibility_visible gf_newline o_medium' ><label class='gfield_label' for='input_6_21' >Email<span class='gfield_required'>*<\/span><\/label><div class='ginput_container ginput_container_email'>\n                            <input name='input_21' id='input_6_21' type='email' value='' class='large'    aria-required=\"true\" aria-invalid=\"false\" \/>\n                        <\/div><\/li><\/ul>\n                    <\/div>\n                    <div class='gform_page_footer'>\n                         <input type='button' id='gform_next_button_6_22' class='gform_next_button button' value='Seguinte'  onclick='jQuery(\"#gform_target_page_number_6\").val(\"2\");  jQuery(\"#gform_6\").trigger(\"submit\",[true]); ' onkeypress='if( event.keyCode == 13 ){ jQuery(\"#gform_target_page_number_6\").val(\"2\");  jQuery(\"#gform_6\").trigger(\"submit\",[true]); } ' \/> \n                    <\/div>\n                <\/div>\n                <div id='gform_page_6_2' class='gform_page' style='display:none;'>\n                    <div class='gform_page_fields'>\n                        <ul id='gform_fields_6_2' class='gform_fields top_label form_sublabel_below description_below'><li id='field_6_9'  class='gfield gfield_html gfield_html_formatted gfield_no_follows_desc field_sublabel_below field_description_below gfield_visibility_visible' ><strong>ESTRAT\u00c9GIA:<\/strong><\/li><li id='field_6_24'  class='gfield field_sublabel_below field_description_below gfield_visibility_visible gfsp_dot o_medium' ><label class='gfield_label'  >Selecione os objetivos principais do site:<\/label><div class='ginput_container ginput_container_checkbox'><ul class='gfield_checkbox' id='input_6_24'><li class='gchoice_6_24_1'>\n\t\t\t\t\t\t\t\t<input name='input_24.1' type='checkbox'  value='Cat\u00e1logo de Produtos'  id='choice_6_24_1'   \/>\n\t\t\t\t\t\t\t\t<label for='choice_6_24_1' id='label_6_24_1'>Cat\u00e1logo de Produtos<\/label>\n\t\t\t\t\t\t\t<\/li><li class='gchoice_6_24_2'>\n\t\t\t\t\t\t\t\t<input name='input_24.2' type='checkbox'  value='Divulga\u00e7\u00e3o da Empresa'  id='choice_6_24_2'   \/>\n\t\t\t\t\t\t\t\t<label for='choice_6_24_2' id='label_6_24_2'>Divulga\u00e7\u00e3o da Empresa<\/label>\n\t\t\t\t\t\t\t<\/li><li class='gchoice_6_24_3'>\n\t\t\t\t\t\t\t\t<input name='input_24.3' type='checkbox'  value='Vendas'  id='choice_6_24_3'   \/>\n\t\t\t\t\t\t\t\t<label for='choice_6_24_3' id='label_6_24_3'>Vendas<\/label>\n\t\t\t\t\t\t\t<\/li><li class='gchoice_6_24_4'>\n\t\t\t\t\t\t\t\t<input name='input_24.4' type='checkbox'  value='Suporte'  id='choice_6_24_4'   \/>\n\t\t\t\t\t\t\t\t<label for='choice_6_24_4' id='label_6_24_4'>Suporte<\/label>\n\t\t\t\t\t\t\t<\/li><\/ul><\/div><\/li><li id='field_6_25'  class='gfield field_sublabel_below field_description_below gfield_visibility_visible gfsp_dot o_medium' ><label class='gfield_label'  >Selecione o tipo do site:<\/label><div class='ginput_container ginput_container_checkbox'><ul class='gfield_checkbox' id='input_6_25'><li class='gchoice_6_25_1'>\n\t\t\t\t\t\t\t\t<input name='input_25.1' type='checkbox'  value='Publica\u00e7\u00f5es \/ Blog'  id='choice_6_25_1'   \/>\n\t\t\t\t\t\t\t\t<label for='choice_6_25_1' id='label_6_25_1'>Publica\u00e7\u00f5es \/ Blog<\/label>\n\t\t\t\t\t\t\t<\/li><li class='gchoice_6_25_2'>\n\t\t\t\t\t\t\t\t<input name='input_25.2' type='checkbox'  value='Profissional Liberal'  id='choice_6_25_2'   \/>\n\t\t\t\t\t\t\t\t<label for='choice_6_25_2' id='label_6_25_2'>Profissional Liberal<\/label>\n\t\t\t\t\t\t\t<\/li><li class='gchoice_6_25_3'>\n\t\t\t\t\t\t\t\t<input name='input_25.3' type='checkbox'  value='Servi\u00e7os'  id='choice_6_25_3'   \/>\n\t\t\t\t\t\t\t\t<label for='choice_6_25_3' id='label_6_25_3'>Servi\u00e7os<\/label>\n\t\t\t\t\t\t\t<\/li><li class='gchoice_6_25_4'>\n\t\t\t\t\t\t\t\t<input name='input_25.4' type='checkbox'  value='Industria'  id='choice_6_25_4'   \/>\n\t\t\t\t\t\t\t\t<label for='choice_6_25_4' id='label_6_25_4'>Industria<\/label>\n\t\t\t\t\t\t\t<\/li><li class='gchoice_6_25_5'>\n\t\t\t\t\t\t\t\t<input name='input_25.5' type='checkbox'  value='Varejo'  id='choice_6_25_5'   \/>\n\t\t\t\t\t\t\t\t<label for='choice_6_25_5' id='label_6_25_5'>Varejo<\/label>\n\t\t\t\t\t\t\t<\/li><li class='gchoice_6_25_6'>\n\t\t\t\t\t\t\t\t<input name='input_25.6' type='checkbox'  value='Outros'  id='choice_6_25_6'   \/>\n\t\t\t\t\t\t\t\t<label for='choice_6_25_6' id='label_6_25_6'>Outros<\/label>\n\t\t\t\t\t\t\t<\/li><\/ul><\/div><\/li><li id='field_6_4'  class='gfield field_sublabel_below field_description_below gfield_visibility_visible' ><label class='gfield_label' for='input_6_4' >Quais as mensagens principais a transmitir aos seus visitantes?<\/label><div class='ginput_container ginput_container_textarea'><textarea name='input_4' id='input_6_4' class='textarea medium'      aria-invalid=\"false\"   rows='10' cols='50'><\/textarea><\/div><\/li><li id='field_6_5'  class='gfield field_sublabel_below field_description_below gfield_visibility_visible' ><label class='gfield_label' for='input_6_5' >Existem planos para promover o site? Quais s\u00e3o?<\/label><div class='ginput_container ginput_container_textarea'><textarea name='input_5' id='input_6_5' class='textarea medium'      aria-invalid=\"false\"   rows='10' cols='50'><\/textarea><\/div><\/li><li id='field_6_6'  class='gfield field_sublabel_below field_description_below gfield_visibility_visible' ><label class='gfield_label' for='input_6_6' >H\u00e1 uma data aproximada para o lan\u00e7amento do site?<\/label><div class='ginput_container ginput_container_date'>\n                            <input name='input_6' id='input_6_6' type='text' value='' class='datepicker medium dmy datepicker_with_icon'    aria-describedby='input_6_6_date_format' \/>\n                            <span id='input_6_6_date_format' class='screen-reader-text'>Formato de dataDD barra MM barra YYYY<\/span>\n                        <\/div>\n                        <input type='hidden' id='gforms_calendar_icon_input_6_6' class='gform_hidden' value='https:\/\/gtwa.com.br\/app\/wp-content\/plugins\/gravityforms\/images\/calendar.png'\/><\/li><\/ul>\n                    <\/div>\n                    <div class='gform_page_footer'>\n                        <input type='button' id='gform_previous_button_6_7' class='gform_previous_button button' value='Anterior'  onclick='jQuery(\"#gform_target_page_number_6\").val(\"1\");  jQuery(\"#gform_6\").trigger(\"submit\",[true]); ' onkeypress='if( event.keyCode == 13 ){ jQuery(\"#gform_target_page_number_6\").val(\"1\");  jQuery(\"#gform_6\").trigger(\"submit\",[true]); } ' \/> <input type='button' id='gform_next_button_6_7' class='gform_next_button button' value='Seguinte'  onclick='jQuery(\"#gform_target_page_number_6\").val(\"3\");  jQuery(\"#gform_6\").trigger(\"submit\",[true]); ' onkeypress='if( event.keyCode == 13 ){ jQuery(\"#gform_target_page_number_6\").val(\"3\");  jQuery(\"#gform_6\").trigger(\"submit\",[true]); } ' \/> \n                    <\/div>\n                <\/div>\n                <div id='gform_page_6_3' class='gform_page' style='display:none;'>\n                    <div class='gform_page_fields'>\n                        <ul id='gform_fields_6_3' class='gform_fields top_label form_sublabel_below description_below'><li id='field_6_8'  class='gfield gfield_html gfield_html_formatted gfield_no_follows_desc field_sublabel_below field_description_below gfield_visibility_visible' ><strong>INFORMA\u00c7\u00d5ES GERAIS:<\/strong><\/li><li id='field_6_10'  class='gfield field_sublabel_below field_description_below gfield_visibility_visible' ><label class='gfield_label' for='input_6_10' >Fa\u00e7a uma breve descri\u00e7\u00e3o sobre a empresa e produtos:<\/label><div class='ginput_container ginput_container_textarea'><textarea name='input_10' id='input_6_10' class='textarea medium'      aria-invalid=\"false\"   rows='10' cols='50'><\/textarea><\/div><\/li><li id='field_6_11'  class='gfield field_sublabel_below field_description_below gfield_visibility_visible' ><label class='gfield_label' for='input_6_11' >Descreva sobre seu p\u00fablico alvo:<\/label><div class='ginput_container ginput_container_textarea'><textarea name='input_11' id='input_6_11' class='textarea medium'      aria-invalid=\"false\"   rows='10' cols='50'><\/textarea><\/div><\/li><\/ul>\n                    <\/div>\n                    <div class='gform_page_footer'>\n                        <input type='button' id='gform_previous_button_6_13' class='gform_previous_button button' value='Anterior'  onclick='jQuery(\"#gform_target_page_number_6\").val(\"2\");  jQuery(\"#gform_6\").trigger(\"submit\",[true]); ' onkeypress='if( event.keyCode == 13 ){ jQuery(\"#gform_target_page_number_6\").val(\"2\");  jQuery(\"#gform_6\").trigger(\"submit\",[true]); } ' \/> <input type='button' id='gform_next_button_6_13' class='gform_next_button button' value='Seguinte'  onclick='jQuery(\"#gform_target_page_number_6\").val(\"4\");  jQuery(\"#gform_6\").trigger(\"submit\",[true]); ' onkeypress='if( event.keyCode == 13 ){ jQuery(\"#gform_target_page_number_6\").val(\"4\");  jQuery(\"#gform_6\").trigger(\"submit\",[true]); } ' \/> \n                    <\/div>\n                <\/div>\n                <div id='gform_page_6_4' class='gform_page' style='display:none;'>\n                    <div class='gform_page_fields'>\n                        <ul id='gform_fields_6_4' class='gform_fields top_label form_sublabel_below description_below'><li id='field_6_12'  class='gfield gfield_html gfield_html_formatted gfield_no_follows_desc field_sublabel_below field_description_below gfield_visibility_visible' ><strong>CONTE\u00daDO:<\/strong><\/li><li id='field_6_14'  class='gfield field_sublabel_below field_description_below gfield_visibility_visible gf_newline gf_left gfsp_dot o_medium' ><label class='gfield_label'  >O conte\u00fado necessita atualiza\u00e7\u00f5es frequentes?<\/label><div class='ginput_container ginput_container_radio'><ul class='gfield_radio' id='input_6_14'><li class='gchoice_6_14_0'><input name='input_14' type='radio' value='Sim'  id='choice_6_14_0'    \/><label for='choice_6_14_0' id='label_6_14_0'>Sim<\/label><\/li><li class='gchoice_6_14_1'><input name='input_14' type='radio' value='N\u00e3o'  id='choice_6_14_1'    \/><label for='choice_6_14_1' id='label_6_14_1'>N\u00e3o<\/label><\/li><\/ul><\/div><\/li><li id='field_6_15'  class='gfield field_sublabel_below field_description_below gfield_visibility_visible' ><label class='gfield_label' for='input_6_15' >Quais as se\u00e7\u00f5es e funcionalidades que devem existir?<\/label><div class='ginput_container ginput_container_textarea'><textarea name='input_15' id='input_6_15' class='textarea medium'      aria-invalid=\"false\"   rows='10' cols='50'><\/textarea><\/div><\/li><li id='field_6_16'  class='gfield field_sublabel_below field_description_below gfield_visibility_visible gf_newline gf_left gfsp_dot o_medium' ><label class='gfield_label'  >Qual apar\u00eancia deve transmitir?<\/label><div class='ginput_container ginput_container_radio'><ul class='gfield_radio' id='input_6_16'><li class='gchoice_6_16_0'><input name='input_16' type='radio' value='Formal'  id='choice_6_16_0'    \/><label for='choice_6_16_0' id='label_6_16_0'>Formal<\/label><\/li><li class='gchoice_6_16_1'><input name='input_16' type='radio' value='Moderno'  id='choice_6_16_1'    \/><label for='choice_6_16_1' id='label_6_16_1'>Moderno<\/label><\/li><li class='gchoice_6_16_2'><input name='input_16' type='radio' value='Clean'  id='choice_6_16_2'    \/><label for='choice_6_16_2' id='label_6_16_2'>Clean<\/label><\/li><li class='gchoice_6_16_3'><input name='input_16' type='radio' value='gf_other_choice'  id='choice_6_16_3'   onfocus=\"jQuery(this).next().next('input').focus();\" \/><label class='gchoice_other_label' id=\"choice_6_16_2\" for=\"choice_6_16_2\"><\/label><input id='input_6_16_other' name='input_16_other' type='text' value='Outros' aria-label='Outros' onfocus='jQuery(this).prev().prev(\"input\")[0].click(); if(jQuery(this).val() == \"Outros\") { jQuery(this).val(\"\"); }' onblur='if(jQuery(this).val().replace(\" \", \"\") == \"\") { jQuery(this).val(\"Outros\"); }'   \/><\/li><\/ul><\/div><\/li><li id='field_6_17'  class='gfield field_sublabel_below field_description_below gfield_visibility_visible' ><label class='gfield_label' for='input_6_17' >Existem padr\u00f5es como logotipo e cores definidos?<\/label><div class='ginput_container ginput_container_textarea'><textarea name='input_17' id='input_6_17' class='textarea medium'      aria-invalid=\"false\"   rows='10' cols='50'><\/textarea><\/div><\/li><li id='field_6_18'  class='gfield field_sublabel_below field_description_below gfield_visibility_visible' ><label class='gfield_label' for='input_6_18' >Relacione alguns sites que voc\u00ea gosta e porque. Se poss\u00edvel, envie links de refer\u00eancia.<\/label><div class='ginput_container ginput_container_textarea'><textarea name='input_18' id='input_6_18' class='textarea medium'      aria-invalid=\"false\"   rows='10' cols='50'><\/textarea><\/div><\/li><li id='field_6_19'  class='gfield field_sublabel_below field_description_below gfield_visibility_visible' ><label class='gfield_label' for='input_6_19' >Relacione alguns sites de concorrentes. Se poss\u00edvel, envie links de refer\u00eancia.<\/label><div class='ginput_container ginput_container_textarea'><textarea name='input_19' id='input_6_19' class='textarea medium'      aria-invalid=\"false\"   rows='10' cols='50'><\/textarea><\/div><\/li><li id='field_6_26'  class='gfield field_sublabel_below field_description_below gfield_visibility_visible' ><label class='gfield_label' for='input_6_26' >CAPTCHA<\/label><div id='input_6_26' class='ginput_container ginput_recaptcha' data-sitekey='6LeSlksUAAAAAAH9-JePgBHUBN1UDWx5UXfFa6iN'  data-theme='light' data-tabindex='0'  data-badge=''><\/div><\/li>\n                            <\/ul><\/div>\n        <div class='gform_page_footer top_label'><input type='submit' id='gform_previous_button_6' class='gform_previous_button button' value='Anterior'  onclick='if(window[\"gf_submitting_6\"]){return false;}  if( !jQuery(\"#gform_6\")[0].checkValidity || jQuery(\"#gform_6\")[0].checkValidity()){window[\"gf_submitting_6\"]=true;}  ' onkeypress='if( event.keyCode == 13 ){ if(window[\"gf_submitting_6\"]){return false;} if( !jQuery(\"#gform_6\")[0].checkValidity || jQuery(\"#gform_6\")[0].checkValidity()){window[\"gf_submitting_6\"]=true;}  jQuery(\"#gform_6\").trigger(\"submit\",[true]); }' \/> <input type='submit' id='gform_submit_button_6' class='gform_button button' value='Enviar'  onclick='if(window[\"gf_submitting_6\"]){return false;}  if( !jQuery(\"#gform_6\")[0].checkValidity || jQuery(\"#gform_6\")[0].checkValidity()){window[\"gf_submitting_6\"]=true;}  ' onkeypress='if( event.keyCode == 13 ){ if(window[\"gf_submitting_6\"]){return false;} if( !jQuery(\"#gform_6\")[0].checkValidity || jQuery(\"#gform_6\")[0].checkValidity()){window[\"gf_submitting_6\"]=true;}  jQuery(\"#gform_6\").trigger(\"submit\",[true]); }' \/> \n            <input type='hidden' class='gform_hidden' name='is_submit_6' value='1' \/>\n            <input type='hidden' class='gform_hidden' name='gform_submit' value='6' \/>\n            \n            <input type='hidden' class='gform_hidden' name='gform_unique_id' value='' \/>\n            <input type='hidden' class='gform_hidden' name='state_6' value='WyJbXSIsIjA3ODgwMjI4NzEwZWZkMzA2Mzk5YmU3NGI5YzBiNDcyIl0=' \/>\n            <input type='hidden' class='gform_hidden' name='gform_target_page_number_6' id='gform_target_page_number_6' value='2' \/>\n            <input type='hidden' class='gform_hidden' name='gform_source_page_number_6' id='gform_source_page_number_6' value='1' \/>\n            <input type='hidden' name='gform_field_values' value='' \/>\n            \n        <\/div>\n                        <\/div><\/div>\n                        <\/form>\n                        <\/div><script type='text\/javascript'> jQuery(document).bind('gform_post_render', function(event, formId, currentPage){if(formId == 6) {jQuery(document).ready(function(){ $wrapper = jQuery(\"#gform_wrapper_6\"); $wrapper.find(\".gf_icon_after .gfsp_icon\").each(function() { jQuery(this).next().after(this); });  $wrapper.find(\".gf_icon_after .ginput_container_date .gfsp_icon, .gf_icon_after .ginput_container_time .gfsp_icon\").each(function() { jQuery(this).closest(\".ginput_container\").siblings(\":last\").find(\"input, select\").after(this); }) });} } );jQuery(document).bind('gform_post_conditional_logic', function(event, formId, fields, isInit){} );<\/script><script type='text\/javascript'> jQuery(document).ready(function(){jQuery(document).trigger('gform_post_render', [6, 1]) } ); <\/script><\/div><\/div><!-- \/.sc_content -->[vc_empty_space height=&#8221;10em&#8221; alter_height=&#8221;none&#8221; hide_on_mobile=&#8221;&#8221;][\/vc_column][\/vc_row]<\/p>\n","protected":false},"excerpt":{"rendered":"<p>[vc_row][vc_column][vc_empty_space height=&#8221;9.5em&#8221; alter_height=&#8221;medium&#8221; hide_on_mobile=&#8221;&#8221;][\/vc_column][\/vc_row][vc_row full_width=&#8221;stretch_row&#8221; css=&#8221;.vc_custom_1578885853096{background-image: url(https:\/\/gtwa.com.br\/app\/wp-content\/uploads\/2019\/12\/GTWA-Web-Design-Curitiba-e-commerce-design-gr\u00e1fico-Fale-Conosco.jpg?id=36729) !important;background-position: center !important;background-repeat: no-repeat !important;background-size: cover !important;}&#8221;][vc_column][vc_empty_space height=&#8221;10em&#8221; alter_height=&#8221;none&#8221; hide_on_mobile=&#8221;&#8221;][\/vc_column][\/vc_row]<\/p>\n","protected":false},"author":1,"featured_media":39600,"parent":0,"menu_order":0,"comment_status":"closed","ping_status":"closed","template":"","meta":{"_seopress_robots_primary_cat":"","_seopress_titles_title":"","_seopress_titles_desc":"Comunicar claramente suas necessidades \u00e9 fundamental para a obten\u00e7\u00e3o de um site produtivo. Ajuda a compreender a sua vis\u00e3o, objetivos etc.\r\n","_seopress_robots_index":"","footnotes":""},"class_list":["post-36737","page","type-page","status-publish","has-post-thumbnail"],"_links":{"self":[{"href":"https:\/\/gtwa.com.br\/app\/wp-json\/wp\/v2\/pages\/36737","targetHints":{"allow":["GET"]}}],"collection":[{"href":"https:\/\/gtwa.com.br\/app\/wp-json\/wp\/v2\/pages"}],"about":[{"href":"https:\/\/gtwa.com.br\/app\/wp-json\/wp\/v2\/types\/page"}],"author":[{"embeddable":true,"href":"https:\/\/gtwa.com.br\/app\/wp-json\/wp\/v2\/users\/1"}],"replies":[{"embeddable":true,"href":"https:\/\/gtwa.com.br\/app\/wp-json\/wp\/v2\/comments?post=36737"}],"version-history":[{"count":0,"href":"https:\/\/gtwa.com.br\/app\/wp-json\/wp\/v2\/pages\/36737\/revisions"}],"wp:featuredmedia":[{"embeddable":true,"href":"https:\/\/gtwa.com.br\/app\/wp-json\/wp\/v2\/media\/39600"}],"wp:attachment":[{"href":"https:\/\/gtwa.com.br\/app\/wp-json\/wp\/v2\/media?parent=36737"}],"curies":[{"name":"wp","href":"https:\/\/api.w.org\/{rel}","templated":true}]}}